{"id":63,"date":"2021-10-13T19:23:01","date_gmt":"2021-10-13T17:23:01","guid":{"rendered":"https:\/\/past-software.de\/wordpress\/?page_id=63"},"modified":"2022-06-13T19:28:37","modified_gmt":"2022-06-13T17:28:37","slug":"datenschutz","status":"publish","type":"page","link":"https:\/\/past-software.de\/wordpress\/datenschutz\/","title":{"rendered":"Datenschutz"},"content":{"rendered":"<p>Datenschutzerkl\u00e4rung:<\/p>\n<p>Sehr geehrte Besucherinnen und Besucher unserer Webseite,<\/p>\n<p>Wir freuen uns sehr \u00fcber Ihr Interesse an unserem Unternehmen. Datenschutz hat einen besonders hohen Stellenwert f\u00fcr uns. Eine Nutzung unserer Internetseiten ist grunds\u00e4tzlich ohne jede Angabe personenbezogener Daten m\u00f6glich. Sofern eine betroffene Person besondere Angebote bzw. Services unseres Unternehmens \u00fcber unsere Internetseite in Anspruch nehmen m\u00f6chte, k\u00f6nnte jedoch eine Verarbeitung personenbezogener Daten erforderlich werden. Ihre Daten werden von uns weder ver\u00f6ffentlicht, noch unberechtigt an Dritte weitergegeben.<\/p>\n<p>Die Verarbeitung personenbezogener Daten, beispielsweise des Namens, der Anschrift, E-Mail-Adresse oder Telefonnummer erfolgt stets im Einklang mit der Datenschutz-Grundverordnung und in \u00dcbereinstimmung mit den f\u00fcr uns geltenden landesspezifischen Datenschutzbestimmungen.<br \/>\nDie nachfolgende Erkl\u00e4rung gibt Ihnen einen \u00dcberblick dar\u00fcber, wie wir diesen Schutz gew\u00e4hrleisten und welche Art von Daten zu welchem Zweck erhoben wird.<\/p>\n<p>Wir als f\u00fcr die Verarbeitung Verantwortlichen haben zahlreiche technische und organisatorische Ma\u00dfnahmen umgesetzt, um einen m\u00f6glichst l\u00fcckenlosen Schutz der \u00fcber diese Internetseite verarbeiteten personenbezogenen Daten sicherzustellen. Dennoch k\u00f6nnen Internetbasierte Daten\u00fcbertragungen grunds\u00e4tzlich Sicherheitsl\u00fccken aufweisen, sodass ein absoluter Schutz nicht gew\u00e4hrleistet werden kann. Aus diesem Grund steht es jeder betroffenen Person frei, personenbezogene Daten auch auf alternativen Wegen, beispielsweise telefonisch, an uns zu \u00fcbermitteln.<\/p>\n<p>1. Nutzungsdaten anonyme Nutzung<br \/>\nGem\u00e4\u00df \u00a7 15 Abs. 1 TMG sind Nutzungsdaten alle Daten, die erforderlich sind, um die Inanspruchnahme von Telemedien zu erm\u00f6glichen und abzurechnen. Erfasst sind grunds\u00e4tzlich alle Daten, die durch die konkrete Nutzung eines Telemediendienstes entstehen und zu seiner Erbringung erforderlich sind. Wenn Sie unsere Webseiten besuchen, speichern unsere Webserver tempor\u00e4r jeden Zugriff in einer Protokolldatei. Auf diesem Wege verarbeiten wir ausschlie\u00dflich anonyme Daten, die keinen R\u00fcckschluss auf den Nutzer zulassen.<\/p>\n<p>Folgende Zugriffsdaten werden erfasst und bis zur automatisierten L\u00f6schung gespeichert:<\/p>\n<p>\u2013 IP-Adresse des anfragenden Rechners<br \/>\n\u2013 Datum und Uhrzeit des Zugriffs<br \/>\n\u2013 Name und URL der abgerufenen Datei<br \/>\n\u2013 \u00dcbertragene Datenmenge<br \/>\n\u2013 Meldung, ob der Abruf erfolgreich war<br \/>\n\u2013 Erkennungsdaten des verwendeten Browser- und Betriebssystems<br \/>\n\u2013 Webseite, von der aus der Zugriff erfolgt<br \/>\n\u2013 Name Ihres Internet-Zugangs-Providers<\/p>\n<p>Die Verarbeitung dieser Daten erfolgt zum Zweck, die Nutzung der Webseite zu erm\u00f6glichen (Verbindungsaufbau), der Systemsicherheit, der technischen Administration der Netzinfrastruktur sowie zur Optimierung des Internetangebotes. Eine Weitergabe der Daten an Dritte oder eine sonstige Auswertung findet nicht statt. Ein personenbezogenes Nutzerprofil wird nicht erstellt. Sie k\u00f6nnen unsere Webseiten daher aufrufen, ohne Angaben \u00fcber Ihre Person zu machen, d.h. Sie k\u00f6nnen unseren Internetauftritt vollkommen anonym nutzen, um sich zum Beispiel \u00fcber unsere Angebote zu informieren. Eine Registrierung ist hierzu nicht notwendig.<\/p>\n<p>2. Name und Anschrift des f\u00fcr die Verarbeitung Verantwortlichen<\/p>\n<p>Verantwortlicher im Sinne der Datenschutz-Grundverordnung, sonstiger in den Mitgliedstaaten der Europ\u00e4ischen Union geltenden Datenschutzgesetze und anderer Bestimmungen mit datenschutzrechtlichem Charakter ist die im Impressum genannte Stelle:<\/p>\n<p>3. Cookies<\/p>\n<p>Die Internetseiten der Archipas Medien Altmann Roland verwenden Cookies. Cookies sind Textdateien, welche \u00fcber einen Internetbrowser auf einem Computersystem abgelegt und gespeichert werden.<br \/>\nWir setzen Cookies ein, um Ihnen eine komfortablere und sicherere Nutzung unserer Internetseiten zu erm\u00f6glichen.<br \/>\nMittels eines Cookies k\u00f6nnen die Informationen und Angebote auf unserer Internetseite im Sinne des Benutzers optimiert werden. Cookies erm\u00f6glichen uns, die Benutzer unserer Internetseite wiederzuerkennen. Zweck dieser Wiedererkennung ist es, den Nutzern die Verwendung unserer Internetseite zu erleichtern. Der Benutzer einer Internetseite, die Cookies verwendet, muss beispielsweise nicht bei jedem Besuch der Internetseite erneut seine Zugangsdaten eingeben, weil dies von der Internetseite und dem auf dem Computersystem des Benutzers abgelegten Cookie \u00fcbernommen wird. Ein weiteres Beispiel ist das Cookie eines Warenkorbes im Online-Shop. Der Online-Shop merkt sich die Artikel, die ein Kunde in den virtuellen Warenkorb gelegt hat, \u00fcber ein Cookie.<\/p>\n<p>Die betroffene Person kann die Setzung von Cookies durch unsere Internetseite jederzeit mittels einer entsprechenden Einstellung des genutzten Internetbrowsers verhindern. Ferner k\u00f6nnen bereits gesetzte Cookies jederzeit \u00fcber einen Internetbrowser oder andere Softwareprogramme gel\u00f6scht werden. Dies ist in allen g\u00e4ngigen Internetbrowsern m\u00f6glich. Deaktiviert die betroffene Person die Setzung von Cookies in dem genutzten Internetbrowser, sind unter Umst\u00e4nden nicht alle Funktionen unserer Internetseite vollumf\u00e4nglich nutzbar.<\/p>\n<p>Browser Plugin<\/p>\n<p>Sie k\u00f6nnen die Speicherung der Cookies durch eine entsprechende Einstellung Ihrer Browser-Software verhindern; wir weisen Sie jedoch darauf hin, dass Sie in diesem Fall gegebenenfalls nicht s\u00e4mtliche Funktionen dieser Website vollumf\u00e4nglich werden nutzen k\u00f6nnen. Sie k\u00f6nnen dar\u00fcber hinaus die Erfassung der durch den Cookie erzeugten und auf Ihre Nutzung der Website bezogenen Daten (inkl. Ihrer IP-Adresse) an Google sowie die Verarbeitung dieser Daten durch Google verhindern, indem Sie das unter dem folgenden Link verf\u00fcgbare Browser-Plugin herunterladen und installieren:<br \/>\nhttps:\/\/tools.google.com\/dlpage\/gaoptout?hl=de<\/p>\n<p>4. Kontaktm\u00f6glichkeit \u00fcber die Internetseite<\/p>\n<p>Die Internetseite der Archipas Medien Altmann Roland enth\u00e4lt aufgrund von gesetzlichen Vorschriften Angaben, die eine schnelle elektronische Kontaktaufnahme zu unserem Unternehmen sowie eine unmittelbare Kommunikation mit uns erm\u00f6glichen, was ebenfalls eine allgemeine Adresse der sogenannten elektronischen Post (E-Mail-Adresse) umfasst. Sofern wir ein Kontaktformular einsetzen und eine Person \u00fcber dieses Kontaktformular den Kontakt mit uns aufnimmt, werden die von der betroffenen Person \u00fcbermittelten personenbezogenen Daten automatisch gespeichert. Solche auf freiwilliger Basis personenbezogenen Daten werden f\u00fcr Zwecke der Bearbeitung oder der Kontaktaufnahme zur betroffenen Person gespeichert. Es erfolgt keine Weitergabe dieser personenbezogenen Daten an Dritte.<\/p>\n<p>5. Routinem\u00e4\u00dfige L\u00f6schung und Sperrung von personenbezogenen Daten<\/p>\n<p>Der f\u00fcr die Verarbeitung Verantwortliche verarbeitet und speichert personenbezogene Daten der betroffenen Person nur f\u00fcr den Zeitraum, der zur Erreichung des Speicherungszwecks erforderlich ist oder sofern dies durch den Europ\u00e4ischen Richtlinien- und<\/p>\n<p>Verordnungsgeber oder einen anderen Gesetzgeber in Gesetzen oder Vorschriften, welchen der f\u00fcr die Verarbeitung Verantwortliche unterliegt, vorgesehen wurde.<\/p>\n<p>Entf\u00e4llt der Speicherungszweck oder l\u00e4uft eine vom Europ\u00e4ischen Richtlinien- und Verordnungsgeber vorgeschriebene Speicherfrist ab, werden die personenbezogenen Daten entsprechend den gesetzlichen Vorschriften gesperrt oder gel\u00f6scht.<\/p>\n<p>6. Rechte der betroffenen Person<br \/>\na) Recht auf Auskunft<br \/>\nb) Recht auf Berichtigung (Artikel 16 DS-GVO)<br \/>\nc) Recht auf L\u00f6schung (Artikel 17 DS-GVO)<br \/>\nd) Recht auf Daten\u00fcbertragbarkeit (Artikel 20 DS-GVO)<br \/>\ne) Widerspruchsrecht<br \/>\nf) Automatisierte Entscheidung im Einzelfall einschlie\u00dflich Profiling (Artikel 22 DS-GVO)<\/p>\n<p>Datenschutzerkl\u00e4rung<br \/>\n\u2022 Begriffsbestimmungen<\/p>\n<p>a) personenbezogene Daten<\/p>\n<p>Alle Informationen, die sich auf eine identifizierte oder identifizierbare nat\u00fcrliche Person (im<br \/>\nFolgenden \u201ebetroffene Person\u201c) beziehen; als identifizierbar wird eine nat\u00fcrliche Person<br \/>\nangesehen, die direkt oder indirekt, insbesondere mittels Zuordnung zu einer Kennung wie einem<br \/>\nNamen, zu einer Kennnummer,<br \/>\nzu Standortdaten, zu einer Online-Kennung oder zu einem oder mehreren besonderen<br \/>\nMerkmalen identifiziert werden kann, die Ausdruck der physischen, physiologischen,<br \/>\ngenetischen, psychischen, wirtschaftlichen, kulturellen oder sozialen Identit\u00e4t dieser nat\u00fcrlichen<br \/>\nPerson sind.<br \/>\nb) betroffene Personen<br \/>\nBetroffene Person ist jede identifizierte oder identifizierbare nat\u00fcrliche Person,<br \/>\nderen personenbezogene Daten von uns verarbeitet werden.<\/p>\n<p>c) Verarbeitung<br \/>\nJeder mit oder ohne Hilfe automatisierter Verfahren ausgef\u00fchrten Vorgang oder<br \/>\njede solche Vorgangsreihe im Zusammenhang mit personenbezogenen Daten wie<br \/>\ndas Erheben, das Erfassen, die Organisation, das Ordnen, die Speicherung, die<br \/>\nAnpassung oder Ver\u00e4nderung, das Auslesen, das Abfragen, die Verwendung, die<br \/>\nOffenlegung durch \u00dcbermittlung, Verbreitung oder eine andere Form der<br \/>\nBereitstellung, den Abgleich oder die Verkn\u00fcpfung, die Einschr\u00e4nkung, das<br \/>\nL\u00f6schen oder die Vernichtung.<br \/>\nd) Einschr\u00e4nkung\/ Sperrung der Verarbeitung<br \/>\nDie Markierung gespeicherter personenbezogener Daten mit dem Ziel, ihre k\u00fcnftige<br \/>\nVerarbeitung einzuschr\u00e4nken.<\/p>\n<p>e) Profiling<br \/>\nJede Art der automatisierten Verarbeitung personenbezogener Daten, die darin besteht, dass diese<br \/>\npersonenbezogenen Daten verwendet werden, um bestimmte pers\u00f6nliche Aspekte, die sich auf<br \/>\neine nat\u00fcrliche Person beziehen, zu bewerten, insbesondere um Aspekte bez\u00fcglich Arbeitsleistung,<br \/>\nwirtschaftliche Lage, Gesundheit, pers\u00f6nliche Vorlieben, Interessen, Zuverl\u00e4ssigkeit, Verhalten,<br \/>\nAufenthaltsort oder Ortswechsel dieser nat\u00fcrlichen Person zu analysieren oder vorherzusagen.<\/p>\n<p>f) Pseudonymisierung \/ Anonymisierung<br \/>\nDie Verarbeitung personenbezogener Daten in einer Weise, dass die personenbezogenen Daten<br \/>\nohne Hinzuziehung zus\u00e4tzlicher Informationen nicht mehr einer spezifischen betroffenen Person<br \/>\nzugeordnet werden k\u00f6nnen, sofern diese zus\u00e4tzlichen Informationen gesondert aufbewahrt werden<br \/>\nund technischen und organisatorischen Ma\u00dfnahmen unterliegen, die gew\u00e4hrleisten, dass die<br \/>\npersonenbezogenen Daten nicht einer identifizierten oder identifizierbaren nat\u00fcrlichen Person<br \/>\nzugewiesen werden.<\/p>\n<p>g) Verantwortlicher oder f\u00fcr die Verarbeitung Verantwortlicher<br \/>\nDie nat\u00fcrliche oder juristische Person, Beh\u00f6rde, Einrichtung oder andere Stelle, die allein oder<br \/>\ngemeinsam mit anderen \u00fcber die Zwecke und Mittel der Verarbeitung von personenbezogenen<br \/>\nDaten entscheidet; sind die Zwecke und Mittel dieser Verarbeitung durch das Unionsrecht oder das<br \/>\nRecht der Mitgliedstaaten vorgegeben, so k\u00f6nnen der Verantwortliche beziehungsweise die<br \/>\nbestimmten Kriterien seiner Benennung nach dem Unionsrecht oder dem Recht der Mitgliedstaaten<br \/>\nvorgesehen werden.<\/p>\n<p>h) Empf\u00e4nger<br \/>\nEine nat\u00fcrliche oder juristische Person, Beh\u00f6rde, Einrichtung oder andere Stelle, denen<br \/>\npersonenbezogene Daten offengelegt werden, unabh\u00e4ngig davon, ob es sich bei ihr um einen<br \/>\nDritten handelt oder nicht. Beh\u00f6rden, die im Rahmen eines bestimmten Untersuchungsauftrags<br \/>\nnach dem Unionsrecht oder dem Recht der Mitgliedstaaten m\u00f6glicherweise personenbezogene<br \/>\nDaten erhalten, gelten jedoch nicht als Empf\u00e4nger; die Verarbeitung dieser Daten durch die<br \/>\ngenannten Beh\u00f6rden erfolgt im Einklang mit den geltenden Datenschutzvorschriften gem\u00e4\u00df den<br \/>\nZwecken der Verarbeitung.<\/p>\n<p>i) Dritter<br \/>\nEine nat\u00fcrliche oder juristische Person, Beh\u00f6rde, Einrichtung oder andere Stelle, au\u00dfer der<br \/>\nbetroffenen Person, dem Verantwortlichen, dem Auftragsverarbeiter und den Personen, die unter<br \/>\nder unmittelbaren Verantwortung des Verantwortlichen oder des Auftragsverarbeiters befugt sind,<br \/>\ndie personenbezogenen Daten zu verarbeiten.<\/p>\n<p>j) Auftragsverarbeiter<br \/>\nEine nat\u00fcrliche oder juristische Person, Beh\u00f6rde, Einrichtung oder andere Stelle, die<br \/>\npersonenbezogene Daten im Auftrag des Verantwortlichen verarbeitet, vgl. Art. 4 Nr. 8 DS-GVO.<\/p>\n<p>k) Einwilligung<br \/>\nDer betroffenen Person jede freiwillig f\u00fcr den bestimmten Fall, in informierter Weise und<br \/>\nunmissverst\u00e4ndlich abgegebene Willensbekundung in Form einer Erkl\u00e4rung oder einer sonstigen<br \/>\neindeutigen best\u00e4tigenden Handlung, mit der die betroffene Person zu verstehen gibt, dass sie mit<br \/>\nder Verarbeitung der sie betreffenden personenbezogenen Daten einverstanden ist.<br \/>\n\u2022 Gesetzliche oder vertragliche Vorschriften zur Bereitstellung personenbezogener Daten, Erforderlichkeit<br \/>\nf\u00fcr den Vertragsschluss, Verpflichtung die personenbezogenen Daten bereitzustellen, m\u00f6gliche Folgen<br \/>\nder Nichtbereitstellung<br \/>\nDie Bereitstellung personenbezogener Daten kann zum Teil gesetzlich vorgeschrieben sein (z.B.<br \/>\nSteuervorschriften) oder sich auch aus vertraglichen Regelungen (z.B. Angaben zum Vertragspartner)<br \/>\nergeben. Mitunter kann es f\u00fcr einen Vertragsabschluss erforderlich sein, dass Sie uns<br \/>\npersonenbezogene Daten zur Verf\u00fcgung stellen, die in der Folge durch uns verarbeitet werden m\u00fcssen.<br \/>\nSie sind beispielsweise verpflichtet uns personenbezogene Daten bereitzustellen, wenn wir mit Ihnen<br \/>\neinen Vertrag abschlie\u00dfen. Eine Nichtbereitstellung der personenbezogenen Daten h\u00e4tte zur Folge, dass<br \/>\nder Vertrag nicht geschlossen werden k\u00f6nnte.<\/p>\n<p>\u2022 Empf\u00e4nger der personenbezogenen Daten: Auftragsverarbeiter<br \/>\nSteuerberatungsunternehmen (EU) Finanzamt (EU)<br \/>\nBank im Rahmen einer Zahlungsverpflichtung\/SEPA Lastschriftenverfahren ( EU)<br \/>\nDomainregistrierungsstellen (EU und Drittl\u00e4nder)<\/p>\n<p>\u2022 Weitergabe von Daten an Domain-Registrierungsstellen<br \/>\nDamit wir die Registrierung Ihrer Domains vornehmen k\u00f6nnen, m\u00fcssen wir Ihre Daten an die jeweiligen<br \/>\nRegistrare der Domains (z.B. DeNic) weiterleiten. Hierbei werden jedoch nur die unbedingt notwendigen<br \/>\nPersonendaten \u00fcbertragen. Angaben wie z.B. Ihre Bankverbindung \u00fcbermitteln wir nicht!<br \/>\nBitte beachten Sie, dass wir die Weitergabe bestimmter Daten an die Registrare nicht umgehen k\u00f6nnen.<br \/>\nEs handelt sich um Vorschriften der jeweiligen Vergabestellen (z.B. DeNic), auf welche wir keinen<br \/>\nEinfluss haben. Die an die Registrare \u00fcbermittelten Daten k\u00f6nnen von Internetnutzern abgefragt und<br \/>\neingesehen werden. Die Registrierungsstellen untersagen jedoch eine kommerzielle oder<br \/>\nmissbr\u00e4uchliche Nutzung.<\/p>\n<p>\u2022 Auskunftsrecht<br \/>\nJede betroffene Person steht grunds\u00e4tzlich das Recht auf Auskunft zu. Sie haben das Recht, von Uns<br \/>\neine Best\u00e4tigung dar\u00fcber zu verlangen, ob Ihre personenbezogenen Daten verarbeitet werden und<br \/>\nwelcher Kategorie diese Daten entsprechen; ist dies der Fall, so haben Sie ein Recht auf Auskunft \u00fcber<br \/>\ndiese personenbezogenen Daten und die damit einhergehenden folgenden Informationen:<br \/>\n1. die Verarbeitungszwecke;<br \/>\n2. die Kategorien personenbezogener oder Daten, die verarbeitet werden;<br \/>\n3. die Empf\u00e4nger oder Kategorien von Empf\u00e4ngern, gegen\u00fcber denen die personenbezogenen<br \/>\nDaten offengelegt worden sind oder noch offengelegt werden, insbesondere bei Empf\u00e4ngern in<br \/>\nDrittl\u00e4ndern oder bei internationalen Organisationen;<br \/>\n4. falls m\u00f6glich die geplante Dauer, f\u00fcr die die personenbezogenen Daten gespeichert werden,<br \/>\noder, falls dies nicht m\u00f6glich ist, die Kriterien f\u00fcr die Festlegung dieser Dauer;<br \/>\n5. das Bestehen eines Rechts auf Berichtigung oder L\u00f6schung der Sie betreffenden<br \/>\npersonenbezogenen Daten oder auf Einschr\u00e4nkung der Verarbeitung durch den<br \/>\nVerantwortlichen oder eines Widerspruchsrechts gegen diese Verarbeitung;<br \/>\n6. Das Recht auf Daten\u00fcbertragbarkeit Ihrer Daten,<br \/>\n7. das Bestehen eines Beschwerderechts bei einer Aufsichtsbeh\u00f6rde.<br \/>\nSofern Sie von Ihrem Recht auf Auskunft Gebrauch machen, wird Ihnen der Verantwortliche<br \/>\neine Kopie der personenbezogenen Daten, die Gegenstand der Verarbeitung sind, zur<br \/>\nVerf\u00fcgung stellen. F\u00fcr alle weiteren Kopien, die Sie beantragen, k\u00f6nnen wir ein angemessenes<br \/>\nEntgelt auf der Grundlage der Verwaltungskosten verlangen. Sofern Sie den Antrag<br \/>\nelektronisch stellen, werden Ihnen die Informationen in einem g\u00e4ngigen elektronischen Format<br \/>\nzur Verf\u00fcgung gestellt, sofern Sie nichts anderes angeben.<\/p>\n<p>\u2022 Recht auf Berichtigung<br \/>\nSie haben das Recht, vom Verantwortlichen unverz\u00fcglich die Berichtigung der Sie betreffenden<br \/>\nunrichtigen personenbezogenen Daten zu verlangen. Unter Ber\u00fccksichtigung der Zwecke der<br \/>\nVerarbeitung haben Sie das Recht, die Vervollst\u00e4ndigung unvollst\u00e4ndiger personenbezogener<br \/>\nDaten \u2013 auch mittels einer erg\u00e4nzenden Erkl\u00e4rung \u2013 zu verlangen.<\/p>\n<p>\u2022 Recht auf L\u00f6schung\/ Recht auf Vergessenwerden<br \/>\nSie haben das Recht, vom Verantwortlichen zu verlangen, dass Sie betreffende<br \/>\npersonenbezogene Daten unverz\u00fcglich gel\u00f6scht werden, und der Verantwortliche ist<br \/>\nverpflichtet, personenbezogene Daten unverz\u00fcglich zu l\u00f6schen, sofern einer der folgenden<br \/>\nGr\u00fcnde zutrifft und die Verarbeitung nicht erforderlich ist:<\/p>\n<p>\u2022 Widerspruchsrecht<br \/>\nSie haben das Recht, jederzeit gegen die Verarbeitung Sie betreffender personenbezogener<br \/>\nDaten, die aufgrund von Art 6 Abs 1 lit e oder f DSGVO erfolgt, Widerspruch einzulegen.<br \/>\nDer Verantwortliche verarbeitet die personenbezogenen Daten nicht mehr, es sei denn, er kann<br \/>\nzwingende schutzw\u00fcrdige Gr\u00fcnde f\u00fcr die Verarbeitung nachweisen, die Ihre Interessen, Rechte<br \/>\nund Freiheiten \u00fcberwiegen, oder die Verarbeitung dient der Geltendmachung, Aus\u00fcbung oder<br \/>\nVerteidigung von Rechtsanspr\u00fcchen. Werden personenbezogene Daten verarbeitet, um<br \/>\nDirektwerbung zu betreiben, so haben Sie das Recht, jederzeit Widerspruch gegen die<br \/>\nVerarbeitung Sie betreffender personenbezogener Daten zum Zwecke derartiger Werbung<br \/>\neinzulegen. Widersprechen Sie der Verarbeitung f\u00fcr Zwecke der Direktwerbung, so d\u00fcrfen die<br \/>\npersonenbezogenen Daten nicht mehr f\u00fcr diese Zwecke verarbeitet werden.<\/p>\n<p>\u2022 Profiling<br \/>\nAls verantwortungsbewusstes Unternehmen verzichten wir auf eine automatische<br \/>\nEntscheidungsfindung oder ein Profiling.<\/p>\n<p>\u2022 Zust\u00e4ndige Aufsichtsbeh\u00f6rde<br \/>\nWenn Sie glauben, dass die Verarbeitung Ihrer Daten gegen das Datenschutzrecht verst\u00f6\u00dft<br \/>\noder Ihre datenschutzrechtlichen Anspr\u00fcche sonst in einer Weise verletzt worden sind, k\u00f6nnen<br \/>\nSie sich bei der Aufsichtsbeh\u00f6rde beschweren. In Deutschland ist dies die Datenschutzbeh\u00f6rde,<br \/>\ndie Sie hier kontaktieren k\u00f6nnen:<br \/>\nDeutsche Datenschutzbeh\u00f6rde<br \/>\nName: Die Bundesbeauftragte f\u00fcr den Datenschutz und die Informationsfreiheit Husarenstr. 30<br \/>\n53117 Bonn<br \/>\nTelefon: +49 (0)228 9977990 E-Mail: poststelle@bfdi.bund.de<br \/>\noder unter:<br \/>\nhttps:\/\/www.bfdi.bund.de\/DE\/Infothek\/Anschriften_Links\/anschriften_links-node.html<\/p>\n<p>Ihr Vertrauen ist uns wichtig. Daher m\u00f6chten wir Ihnen jederzeit Rede und Antwort bez\u00fcglich der Verarbeitung Ihrer personenbezogenen Daten stehen. Sie haben jederzeit das Recht auf Auskunft \u00fcber die bez\u00fcglich Ihrer Person gespeicherten Daten, deren Herkunft und Empf\u00e4nger sowie den Zweck der Speicherung. Wenn Sie Fragen haben, die Ihnen diese Datenschutzerkl\u00e4rung nicht beantworten konnte, wenden Sie sich bitte jederzeit an uns.<\/p>\n<p>Als verantwortungsbewusstes Unternehmen verzichten wir auf ein automatisches Profiling.<br \/>\nTeile dieser Erkl\u00e4rung wurden inhaltlich vom Berliner Beauftragten f\u00fcr den Datenschutz \u00fcbernommen.<\/p>\n<p>Datenschutzerkl\u00e4rung: Bestimmungen gesetzlich erforderlicher Informationsinhalte<\/p>\n","protected":false},"excerpt":{"rendered":"<p>Datenschutzerkl\u00e4rung: Sehr geehrte Besucherinnen und Besucher unserer Webseite, Wir freuen uns sehr \u00fcber Ihr Interesse an unserem Unternehmen. Datenschutz hat einen besonders hohen Stellenwert f\u00fcr uns. Eine Nutzung unserer Internetseiten ist grunds\u00e4tzlich ohne jede Angabe personenbezogener Daten m\u00f6glich. Sofern eine betroffene Person besondere Angebote bzw. Services unseres Unternehmens \u00fcber unsere Internetseite in Anspruch nehmen m\u00f6chte, [&hellip;]<\/p>\n","protected":false},"author":1,"featured_media":0,"parent":0,"menu_order":0,"comment_status":"closed","ping_status":"closed","template":"","meta":{"footnotes":""},"class_list":["post-63","page","type-page","status-publish","hentry","post"],"_links":{"self":[{"href":"https:\/\/past-software.de\/wordpress\/wp-json\/wp\/v2\/pages\/63","targetHints":{"allow":["GET"]}}],"collection":[{"href":"https:\/\/past-software.de\/wordpress\/wp-json\/wp\/v2\/pages"}],"about":[{"href":"https:\/\/past-software.de\/wordpress\/wp-json\/wp\/v2\/types\/page"}],"author":[{"embeddable":true,"href":"https:\/\/past-software.de\/wordpress\/wp-json\/wp\/v2\/users\/1"}],"replies":[{"embeddable":true,"href":"https:\/\/past-software.de\/wordpress\/wp-json\/wp\/v2\/comments?post=63"}],"version-history":[{"count":3,"href":"https:\/\/past-software.de\/wordpress\/wp-json\/wp\/v2\/pages\/63\/revisions"}],"predecessor-version":[{"id":796,"href":"https:\/\/past-software.de\/wordpress\/wp-json\/wp\/v2\/pages\/63\/revisions\/796"}],"wp:attachment":[{"href":"https:\/\/past-software.de\/wordpress\/wp-json\/wp\/v2\/media?parent=63"}],"curies":[{"name":"wp","href":"https:\/\/api.w.org\/{rel}","templated":true}]}}