{"id":113,"date":"2021-10-15T11:10:25","date_gmt":"2021-10-15T09:10:25","guid":{"rendered":"https:\/\/past-software.de\/wordpress\/?page_id=113"},"modified":"2022-07-08T11:38:16","modified_gmt":"2022-07-08T09:38:16","slug":"past-zeiterfassung","status":"publish","type":"page","link":"https:\/\/past-software.de\/wordpress\/past-zeiterfassung\/","title":{"rendered":"PAST Zeiterfassung1"},"content":{"rendered":"\n<div class=\"wp-block-columns is-layout-flex wp-container-core-columns-is-layout-9d6595d7 wp-block-columns-is-layout-flex\">\n<div class=\"wp-block-column is-layout-flow wp-block-column-is-layout-flow\" style=\"flex-basis:100%\">\n<p class=\"has-medium-font-size\">Arbeitgeber sind verpflichtet, jede Arbeitsstunde ihrer Angestellten exakt zu erfassen. So entschied der Europ\u00e4ischen Gerichtshof (EuGH). Wegen des Urteils zur genauen Arbeitszeiterfassung werden sich viele Einrichtungen umstellen m\u00fcssen. <\/p>\n<\/div>\n<\/div>\n\n\n\n<div class=\"wp-block-columns are-vertically-aligned-top is-layout-flex wp-container-core-columns-is-layout-9d6595d7 wp-block-columns-is-layout-flex\">\n<div class=\"wp-block-column is-vertically-aligned-top is-layout-flow wp-block-column-is-layout-flow\" style=\"flex-basis:100%\">\n<p style=\"font-size:18px\">Durch die Anbindung einer hardwaregest\u00fctzten Arbeitszeiterfassung an PAST Software k\u00f6nnen Mitarbeiterinnen und Mitarbeiter ihre Arbeitstzeiten \u00fcber einen Transponder Chip mit einem Reader oder einem IPhone selbst erfassen. Die \u00fcbermittelten Daten werden automatisch in den Mitarbeiterstamm \u00fcbergeben. Dann k\u00f6nnen die Dienstplanverantwortlichen diese auf Wunsch automatisch in den Dienstplan \u00fcbernehmen. Als integrierte L\u00f6sung bietet Ihnen die <strong>PAST Zeiterfassung <\/strong>Vorteile durch die unmittelbare Einbindung in den Mitarbeiterstamm und dem Dienstplan:<\/p>\n<\/div>\n<\/div>\n\n\n\n<p><\/p>\n\n\n<div class=\"wp-block-image\">\n<figure class=\"aligncenter size-full is-resized\"><img loading=\"lazy\" decoding=\"async\" src=\"https:\/\/past-software.de\/wordpress\/wp-content\/uploads\/2021\/10\/zeiterfassung_titel-2.png\" alt=\"\" class=\"wp-image-117\" width=\"444\" height=\"482\" srcset=\"https:\/\/past-software.de\/wordpress\/wp-content\/uploads\/2021\/10\/zeiterfassung_titel-2.png 592w, https:\/\/past-software.de\/wordpress\/wp-content\/uploads\/2021\/10\/zeiterfassung_titel-2-277x300.png 277w\" sizes=\"auto, (max-width: 444px) 100vw, 444px\" \/><\/figure>\n<\/div>\n\n\n<pre class=\"wp-block-preformatted\"><\/pre>\n","protected":false},"excerpt":{"rendered":"<p>Arbeitgeber sind verpflichtet, jede Arbeitsstunde ihrer Angestellten exakt zu erfassen. So entschied der Europ\u00e4ischen Gerichtshof (EuGH). Wegen des Urteils zur genauen Arbeitszeiterfassung werden sich viele Einrichtungen umstellen m\u00fcssen. Durch die Anbindung einer hardwaregest\u00fctzten Arbeitszeiterfassung an PAST Software k\u00f6nnen Mitarbeiterinnen und Mitarbeiter ihre Arbeitstzeiten \u00fcber einen Transponder Chip mit einem Reader oder einem IPhone selbst erfassen. [&hellip;]<\/p>\n","protected":false},"author":1,"featured_media":0,"parent":0,"menu_order":0,"comment_status":"closed","ping_status":"closed","template":"","meta":{"footnotes":""},"class_list":["post-113","page","type-page","status-publish","hentry","post"],"_links":{"self":[{"href":"https:\/\/past-software.de\/wordpress\/wp-json\/wp\/v2\/pages\/113","targetHints":{"allow":["GET"]}}],"collection":[{"href":"https:\/\/past-software.de\/wordpress\/wp-json\/wp\/v2\/pages"}],"about":[{"href":"https:\/\/past-software.de\/wordpress\/wp-json\/wp\/v2\/types\/page"}],"author":[{"embeddable":true,"href":"https:\/\/past-software.de\/wordpress\/wp-json\/wp\/v2\/users\/1"}],"replies":[{"embeddable":true,"href":"https:\/\/past-software.de\/wordpress\/wp-json\/wp\/v2\/comments?post=113"}],"version-history":[{"count":35,"href":"https:\/\/past-software.de\/wordpress\/wp-json\/wp\/v2\/pages\/113\/revisions"}],"predecessor-version":[{"id":989,"href":"https:\/\/past-software.de\/wordpress\/wp-json\/wp\/v2\/pages\/113\/revisions\/989"}],"wp:attachment":[{"href":"https:\/\/past-software.de\/wordpress\/wp-json\/wp\/v2\/media?parent=113"}],"curies":[{"name":"wp","href":"https:\/\/api.w.org\/{rel}","templated":true}]}}